8?
0
What is the hundreds digit of 497?
4
What is the tens digit of 10560?
6
What is the units digit of 60408?
8
What is the units digit of 6042?
2
What is the tens digit of 111017?
1
What is the ten thousands digit of 13700?
1
What is the hundreds digit of 8317?
3
What is the tens digit of 1900?
0
What is the hundreds digit of 941?
9
What is the hundreds digit of 79575?
5
What is the tens digit of 26913?
1
What is the units digit of 49565?
5
What is the units digit of 1127?
7
What is the hundreds digit of 8984?
9
What is the units digit of 4799?
9
What is the hundred thousands digit of 101873?
1
What is the units digit of 5087?
7
What is the ten thousands digit of 25715?
2
What is the thousands digit of 3638?
3
What is the hundreds digit of 9966?
9
What is the thousands digit of 15049?
5
What is the tens digit of 35729?
2
What is the tens digit of 95066?
6
What is the thousands digit of 161723?
1
What is the thousands digit of 8920?
8
What is the ten thousands digit of 35263?
3
What is the tens digit of 50864?
6
What is the hundreds digit of 309?
3
What is the hundreds digit of 7984?
9
What is the hundreds digit of 3100?
1
What is the units digit of 64468?
8
What is the tens digit of 2648?
4
What is the tens digit of 31301?
0
What is the tens digit of 1791?
9
What is the thousands digit of 5492?
5
What is the hundreds digit of 24765?
7
What is the units digit of 1787?
7
What is the thousands digit of 43350?
3
What is the units digit of 12116?
6
What is the hundreds digit of 1405?
4
What is the units digit of 5177?
7
What is the hundreds digit of 90325?
3
What is the thousands digit of 28625?
8
What is the thousands digit of 6641?
6
What is the ten thousands digit of 13548?
1
What is the ten thousands digit of 41154?
4
What is the tens digit of 1919?
1
What is the tens digit of 851?
5
What is the hundreds digit of 2020?
0
What is the thousands digit of 1050?
1
What is the thousands digit of 2044?
2
What is the thousands digit of 17439?
7
What is the units digit of 106190?
0
What is the units digit of 1327?
7
What is the tens digit of 3780?
8
What is the units digit of 4036?
6
What is the units digit of 15492?
2
What is the tens digit of 12384?
8
What is the units digit of 414?
4
What is the units digit of 1014?
4
What is the hundreds digit of 1126?
1
What is the units digit of 5693?
3
What is the thousands digit of 5113?
5
What is the units digit of 825?
5
What is the hundreds digit of 1982?
9
What is the tens digit of 53174?
7
What is the hundreds digit of 3046?
0
What is the units digit of 79288?
8
What is the thousands digit of 4306?
4
What is the tens digit of 5667?
6
What is the ten thousands digit of 34236?
3
What is the units digit of 305?
5
What is the units digit of 1254?
4
What is the hundreds digit of 58988?
9
What is the tens digit of 80841?
4
What is the units digit of 17407?
7
What is the tens digit of 1932?
3
What is the thousands digit of 5626?
5
What is the thousands digit of 5838?
5
What is the tens digit of 3599?
9
What is the thousands digit of 15046?
5
What is the tens digit of 767?
6
What is the hundreds digit of 408?
4
What is the tens digit of 1234?
3
What is the hundreds digit of 7069?
0
What is the units digit of 6043?
3
What is the hundreds digit of 5661?
6
What is the units digit of 6168?
8
What is the tens digit of 36598?
9
What is the thousands digit of 10402?
0
What is the hundreds digit of 1141?
1
What is the hundreds digit of 14613?
6
What is the thousands digit of 61127?
1
What is the thousands digit of 3498?
3
What is the units digit of 150450?
0
What is the tens digit of 37177?
7
What is the units digit of 581?
1
What is the hundreds digit of 468?
4
What is the units digit of 2551?
1
What is the hundreds digit of 6457?
4
What is the hundreds digit of 110327?
3
What is the tens digit of 1348?
4
What is the thousands digit of 3068?
3
What is the tens digit of 581?
8
What is the hundreds digit of 1720?
7
What is the tens digit of 145?
4
What is the units digit of 924?
4
What is the tens digit of 982?
8
What is the thousands digit of 4821?
4
What is the tens digit of 687?
8
What is the tens digit of 5237?
3
What is the ten thousands digit of 51794?
5
What is the units digit of 1150?
0
What is the thousands digit of 6136?
6
What is the ten thousands digit of 12083?
1
What is the units digit of 26572?
2
What is the hundreds digit of 1351?
3
What is the thousands digit of 1374?
1
What is the units digit of 5849?
9
What is the tens digit of 1284?
8
What is the tens digit of 496?
9
What is the hundreds digit of 11537?
5
What is the hundreds digit of 3141?
1
What is the thousands digit of 8186?
8
What is the units digit of 3046?
6
What is the hundreds digit of 5058?
0
What is the units digit of 31374?
4
What is the hundreds digit of 267?
2
What is the hundreds digit of 275?
2
What is the thousands digit of 2289?
2
What is the thousands digit of 7742?
7
What is the tens digit of 1154?
5
What is the tens digit of 3032?
3
What is the thousands digit of 11051?
1
What is the thousands digit of 1669?
1
What is the hundreds digit of 178?
1
What is the tens digit of 1850?
5
What is the hundreds digit of 19969?
9
What is the hundreds digit of 85628?
6
What is the ten thousands digit of 55241?
5
What is the hundreds digit of 45907?
9
What is the tens digit of 16007?
0
What is the hundreds digit of 6619?
6
What is the hundreds digit of 6215?
2
What is the hundreds digit of 886?
8
What is the hundreds digit of 119?
1
What is the hundreds digit of 16915?
9
What is the thousands digit of 12680?
2
What is the units digit of 99890?
0
What is the units digit of 63279?
9
What is the units digit of 1116?
6
What is the tens digit of 10035?
3
What is the hundreds digit of 63437?
4
What is the hundreds digit of 19957?
9
What is the tens digit of 4016?
1
What is the hundreds digit of 3003?
0
What is the thousands digit of 21337?
1
What is the units digit of 1535?
5
What is the units digit of 32777?
7
What is the tens digit of 22740?
4
What is the ten thousands digit of 14834?
1
What is the thousands digit of 1146?
1
What is the tens digit of 86?
8
What is the thousands digit of 12003?
2
What is the hundreds digit of 8136?
1
What is the tens digit of 15127?
2
What is the hundreds digit of 608?
6
What is the hundreds digit of 3876?
8
What is the ten thousands digit of 115155?
1
What is the tens digit of 1122?
2
What is the tens digit of 12470?
7
What is the units digit of 107657?
7
What is the tens digit of 6174?
7
What is the units digit of 17945?
5
What is the hundreds digit of 353?
3
What is the thousands digit of 25961?
5
What is the hundreds digit of 19369?
3
What is the thousands digit of 18192?
8
What is the units digit of 1863?
3
What is the units digit of 1342?
2
What is the tens digit of 916?
1
What is the hundreds digit of 8435?
4
What is the tens digit of 5189?
8
What is the ten thousands digit of 43539?
4
What is the units digit of 273?
3
What is the tens digit of 468?
6
What is the hundreds digit of 1642?
6
What is the units digit of 91155?
5
What is the units digit of 1211?
1
What is the hundreds digit of 9985?
9
What is the units digit of 983?
3
What is the hundreds digit of 717?
7
What is the tens digit of 2044?
4
What is the thousands digit of 1815?
1
What is the tens digit of 1039?
3
What is the ten thousands digit of 35510?
3
What is the thousands digit of 1294?
1
What is the thousands digit of 5169?
5
What is the units digit of 2874?
4
What is the tens digit of 2288?
8
What is the thousands digit of 1263?
1
What is the hundreds digit of 423?
4
What is the hundreds digit of 8538?
5
What is the tens digit of 62543?
4
What is the thousands digit of 1273?
1
What is the hundreds digit of 422?
4
What is the tens digit of 7309?
0
What is the tens digit of 25242?
4
What is the ten thousands digit of 187619?
8
What is the tens digit of 51913?
1
What is the tens digit of 94891?
9
What is the units digit of 988?
8
What is the units digit of 4958?
8
What is the thousands digit of 8736?
8
What is the ten thousands digit of 110652?
1
What is the units digit of 11523?
3
What is the thousands digit of 47838?
7
What is the thousands digit of 34371?
4
What is the units digit of 42343?
3
What is the thousands digit of 27582?
7
What is 